{"id":42,"date":"2017-01-29T18:59:47","date_gmt":"2017-01-29T18:59:47","guid":{"rendered":"http:\/\/www.rekson.ee\/new\/?page_id=42"},"modified":"2025-01-13T18:56:30","modified_gmt":"2025-01-13T18:56:30","slug":"eritoo","status":"publish","type":"page","link":"https:\/\/rekson.ee\/new\/eritoo\/","title":{"rendered":"Avalik ruum"},"content":{"rendered":"<p style=\"text-align: center;\"><span style=\"color: #000000;\"><strong>Avalik ruum<\/strong><\/span><\/p>\n<p style=\"text-align: center;\"><span style=\"color: #808080;\">Toodame m\u00f6\u00f6blit avalikesse ruumidesse- kohvikud, restoranid, hotellid, kontorid jne.\u00a0<\/span><\/p>\n<p style=\"text-align: center;\"><span style=\"color: #808080;\">Tagame k\u00f5rge kvaliteedi t\u00e4nu hoolikalt valitud materjalidele. <\/span><\/p>\n<p style=\"text-align: center;\"><span style=\"color: #808080;\">Meil on lai valik k\u00f5rgetele kvaliteedin\u00f5uetele vastavaid ning avalikesse ruumidesse sobivaid kangaid (IMO, Trevira, erinevad ISO standardid)<\/span><\/p>\n<p style=\"text-align: center;\"><span style=\"color: #808080;\">Koost\u00f6\u00f6s disaineritega on valminud Reksoni enda avaliku ruumi m\u00f6\u00f6blisari kuid toodame ka vastavalt tellija soovidele.<\/span><\/p>\n<p style=\"text-align: center;\"><span style=\"color: #000000;\"><strong>Eritellimusm\u00f6\u00f6bel<\/strong><\/span><\/p>\n<p style=\"text-align: center;\"><span style=\"color: #808080;\">Valmistame ka eritellimusel pehmet m\u00f6\u00f6blit kodudesse. Kui te ei leia sobivat disaini meie standard valikust, siis juurutame uue toote.\u00a0<\/span><\/p>\n<p style=\"text-align: center;\"><span style=\"color: #808080;\">Disainime, projekteerime, toodame!<\/span><\/p>\n\n\n<figure class=\"wp-block-gallery has-nested-images columns-default is-cropped wp-block-gallery-1 is-layout-flex wp-block-gallery-is-layout-flex\">\n<figure class=\"wp-block-image\"><img loading=\"lazy\" decoding=\"async\" width=\"1024\" height=\"768\" data-id=\"568\" src=\"https:\/\/rekson.ee\/new\/wp-content\/uploads\/2019\/03\/IMG_5007-1024x768.jpg\" alt=\"\" class=\"wp-image-568\" srcset=\"https:\/\/rekson.ee\/new\/wp-content\/uploads\/2019\/03\/IMG_5007-1024x768.jpg 1024w, https:\/\/rekson.ee\/new\/wp-content\/uploads\/2019\/03\/IMG_5007-300x225.jpg 300w, https:\/\/rekson.ee\/new\/wp-content\/uploads\/2019\/03\/IMG_5007-768x576.jpg 768w, https:\/\/rekson.ee\/new\/wp-content\/uploads\/2019\/03\/IMG_5007-150x112.jpg 150w\" sizes=\"auto, (max-width: 1024px) 100vw, 1024px\" \/><figcaption class=\"wp-element-caption\">Restoran T1 kaubakeskuses<\/figcaption><\/figure>\n\n\n\n<figure class=\"wp-block-image\"><img loading=\"lazy\" decoding=\"async\" width=\"1024\" height=\"768\" data-id=\"566\" src=\"https:\/\/rekson.ee\/new\/wp-content\/uploads\/2019\/03\/IMG_5003-1024x768.jpg\" alt=\"\" class=\"wp-image-566\" srcset=\"https:\/\/rekson.ee\/new\/wp-content\/uploads\/2019\/03\/IMG_5003-1024x768.jpg 1024w, https:\/\/rekson.ee\/new\/wp-content\/uploads\/2019\/03\/IMG_5003-300x225.jpg 300w, https:\/\/rekson.ee\/new\/wp-content\/uploads\/2019\/03\/IMG_5003-768x576.jpg 768w, https:\/\/rekson.ee\/new\/wp-content\/uploads\/2019\/03\/IMG_5003-150x112.jpg 150w\" sizes=\"auto, (max-width: 1024px) 100vw, 1024px\" \/><\/figure>\n\n\n\n<figure class=\"wp-block-image\"><img loading=\"lazy\" decoding=\"async\" width=\"1024\" height=\"768\" data-id=\"565\" src=\"https:\/\/rekson.ee\/new\/wp-content\/uploads\/2019\/03\/IMG_5009-1024x768.jpg\" alt=\"\" class=\"wp-image-565\" srcset=\"https:\/\/rekson.ee\/new\/wp-content\/uploads\/2019\/03\/IMG_5009-1024x768.jpg 1024w, https:\/\/rekson.ee\/new\/wp-content\/uploads\/2019\/03\/IMG_5009-300x225.jpg 300w, https:\/\/rekson.ee\/new\/wp-content\/uploads\/2019\/03\/IMG_5009-768x576.jpg 768w, https:\/\/rekson.ee\/new\/wp-content\/uploads\/2019\/03\/IMG_5009-150x112.jpg 150w\" sizes=\"auto, (max-width: 1024px) 100vw, 1024px\" \/><\/figure>\n\n\n\n<figure class=\"wp-block-image\"><img loading=\"lazy\" decoding=\"async\" width=\"1024\" height=\"768\" data-id=\"524\" src=\"https:\/\/rekson.ee\/new\/wp-content\/uploads\/2018\/11\/IMG_4733-1024x768.jpg\" alt=\"\" class=\"wp-image-524\" srcset=\"https:\/\/rekson.ee\/new\/wp-content\/uploads\/2018\/11\/IMG_4733-1024x768.jpg 1024w, https:\/\/rekson.ee\/new\/wp-content\/uploads\/2018\/11\/IMG_4733-300x225.jpg 300w, https:\/\/rekson.ee\/new\/wp-content\/uploads\/2018\/11\/IMG_4733-768x576.jpg 768w, https:\/\/rekson.ee\/new\/wp-content\/uploads\/2018\/11\/IMG_4733-150x112.jpg 150w\" sizes=\"auto, (max-width: 1024px) 100vw, 1024px\" \/><figcaption class=\"wp-element-caption\">Restoran kaubakeskuses, Soomes<\/figcaption><\/figure>\n\n\n\n<figure class=\"wp-block-image\"><img loading=\"lazy\" decoding=\"async\" width=\"1024\" height=\"768\" data-id=\"525\" src=\"https:\/\/rekson.ee\/new\/wp-content\/uploads\/2018\/11\/IMG_4743-1024x768.jpg\" alt=\"\" class=\"wp-image-525\" srcset=\"https:\/\/rekson.ee\/new\/wp-content\/uploads\/2018\/11\/IMG_4743-1024x768.jpg 1024w, https:\/\/rekson.ee\/new\/wp-content\/uploads\/2018\/11\/IMG_4743-300x225.jpg 300w, https:\/\/rekson.ee\/new\/wp-content\/uploads\/2018\/11\/IMG_4743-768x576.jpg 768w, https:\/\/rekson.ee\/new\/wp-content\/uploads\/2018\/11\/IMG_4743-150x112.jpg 150w\" sizes=\"auto, (max-width: 1024px) 100vw, 1024px\" \/><\/figure>\n\n\n\n<figure class=\"wp-block-image\"><img loading=\"lazy\" decoding=\"async\" width=\"1024\" height=\"768\" data-id=\"529\" src=\"https:\/\/rekson.ee\/new\/wp-content\/uploads\/2018\/11\/IMG_4765-1024x768.jpg\" alt=\"\" class=\"wp-image-529\" srcset=\"https:\/\/rekson.ee\/new\/wp-content\/uploads\/2018\/11\/IMG_4765-1024x768.jpg 1024w, https:\/\/rekson.ee\/new\/wp-content\/uploads\/2018\/11\/IMG_4765-300x225.jpg 300w, https:\/\/rekson.ee\/new\/wp-content\/uploads\/2018\/11\/IMG_4765-768x576.jpg 768w, https:\/\/rekson.ee\/new\/wp-content\/uploads\/2018\/11\/IMG_4765-150x112.jpg 150w\" sizes=\"auto, (max-width: 1024px) 100vw, 1024px\" \/><\/figure>\n\n\n\n<figure class=\"wp-block-image\"><img loading=\"lazy\" decoding=\"async\" width=\"1024\" height=\"768\" data-id=\"521\" src=\"https:\/\/rekson.ee\/new\/wp-content\/uploads\/2018\/11\/coca-cola-plaza-1024x768.jpg\" alt=\"\" class=\"wp-image-521\" srcset=\"https:\/\/rekson.ee\/new\/wp-content\/uploads\/2018\/11\/coca-cola-plaza-1024x768.jpg 1024w, https:\/\/rekson.ee\/new\/wp-content\/uploads\/2018\/11\/coca-cola-plaza-300x225.jpg 300w, https:\/\/rekson.ee\/new\/wp-content\/uploads\/2018\/11\/coca-cola-plaza-768x576.jpg 768w, https:\/\/rekson.ee\/new\/wp-content\/uploads\/2018\/11\/coca-cola-plaza-150x112.jpg 150w\" sizes=\"auto, (max-width: 1024px) 100vw, 1024px\" \/><figcaption class=\"wp-element-caption\">Coca-Cola plaza. Cinema lounge<\/figcaption><\/figure>\n\n\n\n<figure class=\"wp-block-image\"><img loading=\"lazy\" decoding=\"async\" width=\"1024\" height=\"768\" data-id=\"520\" src=\"https:\/\/rekson.ee\/new\/wp-content\/uploads\/2018\/11\/romaan-1024x768.jpg\" alt=\"\" class=\"wp-image-520\" srcset=\"https:\/\/rekson.ee\/new\/wp-content\/uploads\/2018\/11\/romaan-1024x768.jpg 1024w, https:\/\/rekson.ee\/new\/wp-content\/uploads\/2018\/11\/romaan-300x225.jpg 300w, https:\/\/rekson.ee\/new\/wp-content\/uploads\/2018\/11\/romaan-768x576.jpg 768w, https:\/\/rekson.ee\/new\/wp-content\/uploads\/2018\/11\/romaan-150x112.jpg 150w\" sizes=\"auto, (max-width: 1024px) 100vw, 1024px\" \/><\/figure>\n\n\n\n<figure class=\"wp-block-image\"><img loading=\"lazy\" decoding=\"async\" width=\"1024\" height=\"768\" data-id=\"519\" src=\"https:\/\/rekson.ee\/new\/wp-content\/uploads\/2018\/11\/romaan-nurk-1024x768.jpg\" alt=\"\" class=\"wp-image-519\" srcset=\"https:\/\/rekson.ee\/new\/wp-content\/uploads\/2018\/11\/romaan-nurk-1024x768.jpg 1024w, https:\/\/rekson.ee\/new\/wp-content\/uploads\/2018\/11\/romaan-nurk-300x225.jpg 300w, https:\/\/rekson.ee\/new\/wp-content\/uploads\/2018\/11\/romaan-nurk-768x576.jpg 768w, https:\/\/rekson.ee\/new\/wp-content\/uploads\/2018\/11\/romaan-nurk-150x112.jpg 150w\" sizes=\"auto, (max-width: 1024px) 100vw, 1024px\" \/><\/figure>\n\n\n\n<figure class=\"wp-block-image\"><img loading=\"lazy\" decoding=\"async\" width=\"768\" height=\"1024\" data-id=\"772\" src=\"https:\/\/rekson.ee\/new\/wp-content\/uploads\/2019\/07\/IMG_7526-e1562098650343-768x1024.jpg\" alt=\"\" class=\"wp-image-772\" srcset=\"https:\/\/rekson.ee\/new\/wp-content\/uploads\/2019\/07\/IMG_7526-e1562098650343-768x1024.jpg 768w, https:\/\/rekson.ee\/new\/wp-content\/uploads\/2019\/07\/IMG_7526-e1562098650343-225x300.jpg 225w, https:\/\/rekson.ee\/new\/wp-content\/uploads\/2019\/07\/IMG_7526-e1562098650343-84x112.jpg 84w\" sizes=\"auto, (max-width: 768px) 100vw, 768px\" \/><figcaption class=\"wp-element-caption\">Skypark. T1 Mall of Tallinn<\/figcaption><\/figure>\n\n\n\n<figure class=\"wp-block-image\"><img loading=\"lazy\" decoding=\"async\" width=\"768\" height=\"1024\" data-id=\"771\" src=\"https:\/\/rekson.ee\/new\/wp-content\/uploads\/2019\/07\/IMG_7525-e1562098630747-768x1024.jpg\" alt=\"\" class=\"wp-image-771\" srcset=\"https:\/\/rekson.ee\/new\/wp-content\/uploads\/2019\/07\/IMG_7525-e1562098630747-768x1024.jpg 768w, https:\/\/rekson.ee\/new\/wp-content\/uploads\/2019\/07\/IMG_7525-e1562098630747-225x300.jpg 225w, https:\/\/rekson.ee\/new\/wp-content\/uploads\/2019\/07\/IMG_7525-e1562098630747-84x112.jpg 84w\" sizes=\"auto, (max-width: 768px) 100vw, 768px\" \/><\/figure>\n\n\n\n<figure class=\"wp-block-image\"><img loading=\"lazy\" decoding=\"async\" width=\"768\" height=\"1024\" data-id=\"770\" src=\"https:\/\/rekson.ee\/new\/wp-content\/uploads\/2019\/07\/IMG_7524-e1562098589748-768x1024.jpg\" alt=\"\" class=\"wp-image-770\" srcset=\"https:\/\/rekson.ee\/new\/wp-content\/uploads\/2019\/07\/IMG_7524-e1562098589748-768x1024.jpg 768w, https:\/\/rekson.ee\/new\/wp-content\/uploads\/2019\/07\/IMG_7524-e1562098589748-225x300.jpg 225w, https:\/\/rekson.ee\/new\/wp-content\/uploads\/2019\/07\/IMG_7524-e1562098589748-84x112.jpg 84w\" sizes=\"auto, (max-width: 768px) 100vw, 768px\" \/><\/figure>\n\n\n\n<figure class=\"wp-block-image\"><img loading=\"lazy\" decoding=\"async\" width=\"960\" height=\"720\" data-id=\"805\" src=\"https:\/\/rekson.ee\/new\/wp-content\/uploads\/2019\/10\/IMG_8157.jpg\" alt=\"\" class=\"wp-image-805\" srcset=\"https:\/\/rekson.ee\/new\/wp-content\/uploads\/2019\/10\/IMG_8157.jpg 960w, https:\/\/rekson.ee\/new\/wp-content\/uploads\/2019\/10\/IMG_8157-300x225.jpg 300w, https:\/\/rekson.ee\/new\/wp-content\/uploads\/2019\/10\/IMG_8157-768x576.jpg 768w, https:\/\/rekson.ee\/new\/wp-content\/uploads\/2019\/10\/IMG_8157-150x112.jpg 150w\" sizes=\"auto, (max-width: 960px) 100vw, 960px\" \/><figcaption class=\"wp-element-caption\">Peetri pitsa<\/figcaption><\/figure>\n\n\n\n<figure class=\"wp-block-image\"><img loading=\"lazy\" decoding=\"async\" width=\"1024\" height=\"768\" data-id=\"806\" src=\"https:\/\/rekson.ee\/new\/wp-content\/uploads\/2019\/10\/IMG_8170-1024x768.jpg\" alt=\"\" class=\"wp-image-806\" srcset=\"https:\/\/rekson.ee\/new\/wp-content\/uploads\/2019\/10\/IMG_8170-1024x768.jpg 1024w, https:\/\/rekson.ee\/new\/wp-content\/uploads\/2019\/10\/IMG_8170-300x225.jpg 300w, https:\/\/rekson.ee\/new\/wp-content\/uploads\/2019\/10\/IMG_8170-768x576.jpg 768w, https:\/\/rekson.ee\/new\/wp-content\/uploads\/2019\/10\/IMG_8170-150x112.jpg 150w\" sizes=\"auto, (max-width: 1024px) 100vw, 1024px\" \/><\/figure>\n\n\n\n<figure class=\"wp-block-image size-large\"><a href=\"https:\/\/rekson.ee\/new\/wp-content\/uploads\/2024\/01\/FEE75DB7-9A9D-4377-91F5-075D23BBD269_1_201_a-scaled.jpeg\"><img loading=\"lazy\" decoding=\"async\" width=\"1024\" height=\"1024\" data-id=\"1328\" src=\"https:\/\/rekson.ee\/new\/wp-content\/uploads\/2024\/01\/FEE75DB7-9A9D-4377-91F5-075D23BBD269_1_201_a-1024x1024.jpeg\" alt=\"\" class=\"wp-image-1328\" srcset=\"https:\/\/rekson.ee\/new\/wp-content\/uploads\/2024\/01\/FEE75DB7-9A9D-4377-91F5-075D23BBD269_1_201_a-1024x1024.jpeg 1024w, https:\/\/rekson.ee\/new\/wp-content\/uploads\/2024\/01\/FEE75DB7-9A9D-4377-91F5-075D23BBD269_1_201_a-300x300.jpeg 300w, https:\/\/rekson.ee\/new\/wp-content\/uploads\/2024\/01\/FEE75DB7-9A9D-4377-91F5-075D23BBD269_1_201_a-150x150.jpeg 150w, https:\/\/rekson.ee\/new\/wp-content\/uploads\/2024\/01\/FEE75DB7-9A9D-4377-91F5-075D23BBD269_1_201_a-768x768.jpeg 768w, https:\/\/rekson.ee\/new\/wp-content\/uploads\/2024\/01\/FEE75DB7-9A9D-4377-91F5-075D23BBD269_1_201_a-1536x1536.jpeg 1536w, https:\/\/rekson.ee\/new\/wp-content\/uploads\/2024\/01\/FEE75DB7-9A9D-4377-91F5-075D23BBD269_1_201_a-2048x2048.jpeg 2048w, https:\/\/rekson.ee\/new\/wp-content\/uploads\/2024\/01\/FEE75DB7-9A9D-4377-91F5-075D23BBD269_1_201_a-112x112.jpeg 112w\" sizes=\"auto, (max-width: 1024px) 100vw, 1024px\" \/><\/a><\/figure>\n\n\n\n<figure class=\"wp-block-image size-large\"><a href=\"https:\/\/rekson.ee\/new\/wp-content\/uploads\/2024\/01\/3D0392CE-C0C5-4E85-AC41-90CA5386FFE8_1_201_a.jpeg\"><img loading=\"lazy\" decoding=\"async\" width=\"1024\" height=\"836\" data-id=\"1327\" src=\"https:\/\/rekson.ee\/new\/wp-content\/uploads\/2024\/01\/3D0392CE-C0C5-4E85-AC41-90CA5386FFE8_1_201_a-1024x836.jpeg\" alt=\"\" class=\"wp-image-1327\" srcset=\"https:\/\/rekson.ee\/new\/wp-content\/uploads\/2024\/01\/3D0392CE-C0C5-4E85-AC41-90CA5386FFE8_1_201_a-1024x836.jpeg 1024w, https:\/\/rekson.ee\/new\/wp-content\/uploads\/2024\/01\/3D0392CE-C0C5-4E85-AC41-90CA5386FFE8_1_201_a-300x245.jpeg 300w, https:\/\/rekson.ee\/new\/wp-content\/uploads\/2024\/01\/3D0392CE-C0C5-4E85-AC41-90CA5386FFE8_1_201_a-768x627.jpeg 768w, https:\/\/rekson.ee\/new\/wp-content\/uploads\/2024\/01\/3D0392CE-C0C5-4E85-AC41-90CA5386FFE8_1_201_a-137x112.jpeg 137w, https:\/\/rekson.ee\/new\/wp-content\/uploads\/2024\/01\/3D0392CE-C0C5-4E85-AC41-90CA5386FFE8_1_201_a.jpeg 1284w\" sizes=\"auto, (max-width: 1024px) 100vw, 1024px\" \/><\/a><figcaption class=\"wp-element-caption\">Viru Keskus. Viru shopping mall<\/figcaption><\/figure>\n\n\n\n<figure class=\"wp-block-image size-large\"><a href=\"https:\/\/rekson.ee\/new\/wp-content\/uploads\/2024\/01\/IMG_8853-1-scaled.jpeg\"><img loading=\"lazy\" decoding=\"async\" width=\"1024\" height=\"768\" data-id=\"1329\" src=\"https:\/\/rekson.ee\/new\/wp-content\/uploads\/2024\/01\/IMG_8853-1-1024x768.jpeg\" alt=\"\" class=\"wp-image-1329\" srcset=\"https:\/\/rekson.ee\/new\/wp-content\/uploads\/2024\/01\/IMG_8853-1-1024x768.jpeg 1024w, https:\/\/rekson.ee\/new\/wp-content\/uploads\/2024\/01\/IMG_8853-1-300x225.jpeg 300w, https:\/\/rekson.ee\/new\/wp-content\/uploads\/2024\/01\/IMG_8853-1-768x576.jpeg 768w, https:\/\/rekson.ee\/new\/wp-content\/uploads\/2024\/01\/IMG_8853-1-1536x1152.jpeg 1536w, https:\/\/rekson.ee\/new\/wp-content\/uploads\/2024\/01\/IMG_8853-1-2048x1536.jpeg 2048w, https:\/\/rekson.ee\/new\/wp-content\/uploads\/2024\/01\/IMG_8853-1-150x112.jpeg 150w\" sizes=\"auto, (max-width: 1024px) 100vw, 1024px\" \/><\/a><\/figure>\n\n\n\n<figure class=\"wp-block-image size-large\"><a href=\"https:\/\/rekson.ee\/new\/wp-content\/uploads\/2024\/01\/IMG_7792.jpeg\"><img loading=\"lazy\" decoding=\"async\" width=\"1024\" height=\"834\" data-id=\"1330\" src=\"https:\/\/rekson.ee\/new\/wp-content\/uploads\/2024\/01\/IMG_7792-1024x834.jpeg\" alt=\"\" class=\"wp-image-1330\" srcset=\"https:\/\/rekson.ee\/new\/wp-content\/uploads\/2024\/01\/IMG_7792-1024x834.jpeg 1024w, https:\/\/rekson.ee\/new\/wp-content\/uploads\/2024\/01\/IMG_7792-300x244.jpeg 300w, https:\/\/rekson.ee\/new\/wp-content\/uploads\/2024\/01\/IMG_7792-768x626.jpeg 768w, https:\/\/rekson.ee\/new\/wp-content\/uploads\/2024\/01\/IMG_7792-137x112.jpeg 137w, https:\/\/rekson.ee\/new\/wp-content\/uploads\/2024\/01\/IMG_7792.jpeg 1284w\" sizes=\"auto, (max-width: 1024px) 100vw, 1024px\" \/><\/a><\/figure>\n\n\n\n<figure class=\"wp-block-image size-large\"><a href=\"https:\/\/rekson.ee\/new\/wp-content\/uploads\/2024\/01\/582359BF-3282-4193-B8A4-7CE8FA92BB5F_1_201_a-scaled.jpeg\"><img loading=\"lazy\" decoding=\"async\" width=\"1024\" height=\"768\" data-id=\"1332\" src=\"https:\/\/rekson.ee\/new\/wp-content\/uploads\/2024\/01\/582359BF-3282-4193-B8A4-7CE8FA92BB5F_1_201_a-1024x768.jpeg\" alt=\"\" class=\"wp-image-1332\" srcset=\"https:\/\/rekson.ee\/new\/wp-content\/uploads\/2024\/01\/582359BF-3282-4193-B8A4-7CE8FA92BB5F_1_201_a-1024x768.jpeg 1024w, https:\/\/rekson.ee\/new\/wp-content\/uploads\/2024\/01\/582359BF-3282-4193-B8A4-7CE8FA92BB5F_1_201_a-300x225.jpeg 300w, https:\/\/rekson.ee\/new\/wp-content\/uploads\/2024\/01\/582359BF-3282-4193-B8A4-7CE8FA92BB5F_1_201_a-768x576.jpeg 768w, https:\/\/rekson.ee\/new\/wp-content\/uploads\/2024\/01\/582359BF-3282-4193-B8A4-7CE8FA92BB5F_1_201_a-1536x1152.jpeg 1536w, https:\/\/rekson.ee\/new\/wp-content\/uploads\/2024\/01\/582359BF-3282-4193-B8A4-7CE8FA92BB5F_1_201_a-2048x1536.jpeg 2048w, https:\/\/rekson.ee\/new\/wp-content\/uploads\/2024\/01\/582359BF-3282-4193-B8A4-7CE8FA92BB5F_1_201_a-150x112.jpeg 150w\" sizes=\"auto, (max-width: 1024px) 100vw, 1024px\" \/><\/a><figcaption class=\"wp-element-caption\">Lasteaed<\/figcaption><\/figure>\n\n\n\n<figure class=\"wp-block-image size-large\"><a href=\"https:\/\/rekson.ee\/new\/wp-content\/uploads\/2024\/01\/38ED5F91-8988-4177-8158-9FAE4AB731A4_1_201_a-scaled.jpeg\"><img loading=\"lazy\" decoding=\"async\" width=\"1024\" height=\"1024\" data-id=\"1333\" src=\"https:\/\/rekson.ee\/new\/wp-content\/uploads\/2024\/01\/38ED5F91-8988-4177-8158-9FAE4AB731A4_1_201_a-1024x1024.jpeg\" alt=\"\" class=\"wp-image-1333\" srcset=\"https:\/\/rekson.ee\/new\/wp-content\/uploads\/2024\/01\/38ED5F91-8988-4177-8158-9FAE4AB731A4_1_201_a-1024x1024.jpeg 1024w, https:\/\/rekson.ee\/new\/wp-content\/uploads\/2024\/01\/38ED5F91-8988-4177-8158-9FAE4AB731A4_1_201_a-300x300.jpeg 300w, https:\/\/rekson.ee\/new\/wp-content\/uploads\/2024\/01\/38ED5F91-8988-4177-8158-9FAE4AB731A4_1_201_a-150x150.jpeg 150w, https:\/\/rekson.ee\/new\/wp-content\/uploads\/2024\/01\/38ED5F91-8988-4177-8158-9FAE4AB731A4_1_201_a-768x768.jpeg 768w, https:\/\/rekson.ee\/new\/wp-content\/uploads\/2024\/01\/38ED5F91-8988-4177-8158-9FAE4AB731A4_1_201_a-1536x1536.jpeg 1536w, https:\/\/rekson.ee\/new\/wp-content\/uploads\/2024\/01\/38ED5F91-8988-4177-8158-9FAE4AB731A4_1_201_a-2048x2048.jpeg 2048w, https:\/\/rekson.ee\/new\/wp-content\/uploads\/2024\/01\/38ED5F91-8988-4177-8158-9FAE4AB731A4_1_201_a-112x112.jpeg 112w\" sizes=\"auto, (max-width: 1024px) 100vw, 1024px\" \/><\/a><\/figure>\n\n\n\n<figure class=\"wp-block-image size-large\"><a href=\"https:\/\/rekson.ee\/new\/wp-content\/uploads\/2024\/01\/069A873F-6CB9-4D19-B9E9-A3BA873B799D_1_201_a-scaled.jpeg\"><img loading=\"lazy\" decoding=\"async\" width=\"1024\" height=\"1024\" data-id=\"1334\" src=\"https:\/\/rekson.ee\/new\/wp-content\/uploads\/2024\/01\/069A873F-6CB9-4D19-B9E9-A3BA873B799D_1_201_a-1024x1024.jpeg\" alt=\"\" class=\"wp-image-1334\" srcset=\"https:\/\/rekson.ee\/new\/wp-content\/uploads\/2024\/01\/069A873F-6CB9-4D19-B9E9-A3BA873B799D_1_201_a-1024x1024.jpeg 1024w, https:\/\/rekson.ee\/new\/wp-content\/uploads\/2024\/01\/069A873F-6CB9-4D19-B9E9-A3BA873B799D_1_201_a-300x300.jpeg 300w, https:\/\/rekson.ee\/new\/wp-content\/uploads\/2024\/01\/069A873F-6CB9-4D19-B9E9-A3BA873B799D_1_201_a-150x150.jpeg 150w, https:\/\/rekson.ee\/new\/wp-content\/uploads\/2024\/01\/069A873F-6CB9-4D19-B9E9-A3BA873B799D_1_201_a-768x768.jpeg 768w, https:\/\/rekson.ee\/new\/wp-content\/uploads\/2024\/01\/069A873F-6CB9-4D19-B9E9-A3BA873B799D_1_201_a-1536x1536.jpeg 1536w, https:\/\/rekson.ee\/new\/wp-content\/uploads\/2024\/01\/069A873F-6CB9-4D19-B9E9-A3BA873B799D_1_201_a-2048x2048.jpeg 2048w, https:\/\/rekson.ee\/new\/wp-content\/uploads\/2024\/01\/069A873F-6CB9-4D19-B9E9-A3BA873B799D_1_201_a-112x112.jpeg 112w\" sizes=\"auto, (max-width: 1024px) 100vw, 1024px\" \/><\/a><\/figure>\n<\/figure>\n","protected":false},"excerpt":{"rendered":"<p>Avalik ruum Toodame m\u00f6\u00f6blit avalikesse ruumidesse- kohvikud, restoranid, hotellid, kontorid jne.\u00a0 Tagame k\u00f5rge kvaliteedi t\u00e4nu hoolikalt valitud materjalidele. Meil on lai valik k\u00f5rgetele kvaliteedin\u00f5uetele vastavaid ning avalikesse ruumidesse sobivaid kangaid (IMO, Trevira, erinevad ISO standardid) Koost\u00f6\u00f6s disaineritega on valminud Reksoni enda avaliku ruumi m\u00f6\u00f6blisari kuid toodame ka vastavalt tellija soovidele. Eritellimusm\u00f6\u00f6bel Valmistame ka eritellimusel pehmet [&hellip;]<\/p>\n","protected":false},"author":1,"featured_media":0,"parent":0,"menu_order":8,"comment_status":"closed","ping_status":"closed","template":"","meta":{"_monsterinsights_skip_tracking":false,"_monsterinsights_sitenote_active":false,"_monsterinsights_sitenote_note":"","_monsterinsights_sitenote_category":0,"footnotes":""},"class_list":["post-42","page","type-page","status-publish","hentry"],"_links":{"self":[{"href":"https:\/\/rekson.ee\/new\/wp-json\/wp\/v2\/pages\/42","targetHints":{"allow":["GET"]}}],"collection":[{"href":"https:\/\/rekson.ee\/new\/wp-json\/wp\/v2\/pages"}],"about":[{"href":"https:\/\/rekson.ee\/new\/wp-json\/wp\/v2\/types\/page"}],"author":[{"embeddable":true,"href":"https:\/\/rekson.ee\/new\/wp-json\/wp\/v2\/users\/1"}],"replies":[{"embeddable":true,"href":"https:\/\/rekson.ee\/new\/wp-json\/wp\/v2\/comments?post=42"}],"version-history":[{"count":26,"href":"https:\/\/rekson.ee\/new\/wp-json\/wp\/v2\/pages\/42\/revisions"}],"predecessor-version":[{"id":1435,"href":"https:\/\/rekson.ee\/new\/wp-json\/wp\/v2\/pages\/42\/revisions\/1435"}],"wp:attachment":[{"href":"https:\/\/rekson.ee\/new\/wp-json\/wp\/v2\/media?parent=42"}],"curies":[{"name":"wp","href":"https:\/\/api.w.org\/{rel}","templated":true}]}}