{"id":1638,"date":"2026-02-18T19:36:59","date_gmt":"2026-02-18T17:36:59","guid":{"rendered":"https:\/\/rekson.ee\/new\/?page_id=1638"},"modified":"2026-02-18T19:45:58","modified_gmt":"2026-02-18T17:45:58","slug":"e-pood-2","status":"publish","type":"page","link":"https:\/\/rekson.ee\/new\/e-pood-2\/","title":{"rendered":"E-POOD"},"content":{"rendered":"\n<div class=\"wp-block-columns is-layout-flex wp-container-core-columns-is-layout-9d6595d7 wp-block-columns-is-layout-flex\">\n<div class=\"wp-block-column is-layout-flow wp-block-column-is-layout-flow\">\n<h3 class=\"wp-block-heading\"> Siit kaustast leiad tooted mis on koheselt saadaval Tallinnas, P\u00e4rnu mnt 139a sisustuspoes.<\/h3>\n\n\n\n<p><\/p>\n\n\n\n<h4 class=\"wp-block-heading\">Tooteid lisame ja eemaldame jooksvalt. K\u00f5ik tooted ei pruugigi kodukale j\u00f5uda. Seega t\u00e4ieliku valikuga tule ikka julgelt kohapeale tutvuma, oled alati oodatud. Kohapeal on ka erinevad tumbad, dekoratiivpadjad, toolid.&nbsp;<\/h4>\n\n\n\n<h4 class=\"wp-block-heading\">Salongin\u00e4idised on alati ca 30% soodustusega. Leidub ka nn outlet tooteid 50-70% allahindlusega. Tule tutvu poes.<\/h4>\n\n\n\n<p>Toote ostuks tule salongi v\u00f5i saada l\u00e4bi kodulehe oma ostusoov ning saad e-mailile arve<\/p>\n\n\n\n<div style=\"height:100px\" aria-hidden=\"true\" class=\"wp-block-spacer\"><\/div>\n<\/div>\n<\/div>\n\n\n<div class=\"row flow-offset-2\">\n\t\t<div class=\"col-md-3 col-sm-6\">\n\t\t\t<div class=\"pricing-box product-box\">\n\t\t\t\t<a class=\"product-box-link\" href=\"https:\/\/rekson.ee\/new\/?p=1634\">\n\t\t\t\t\t<div class=\"product-box-image\" style=\"background-image:url(https:\/\/rekson.ee\/new\/wp-content\/uploads\/2026\/02\/Photoroom_20260218_144214.jpg);\"><\/div>\n\t\t\t\t\t<div class=\"pricing-box__body\">\n\t\t\t\t\t\t<h4 class=\"bold\">Soul 310cm,  kohe saadaval<\/h4>\n\t\t\t\t\t<\/div>\n\t\t\t\t<\/a>\n\t\t\t<\/div>\n\t\t<\/div>\n\t\t<\/div>\n\n\n\n<p><\/p>\n","protected":false},"excerpt":{"rendered":"<p>Siit kaustast leiad tooted mis on koheselt saadaval Tallinnas, P\u00e4rnu mnt 139a sisustuspoes. Tooteid lisame ja eemaldame jooksvalt. K\u00f5ik tooted ei pruugigi kodukale j\u00f5uda. Seega t\u00e4ieliku valikuga tule ikka julgelt kohapeale tutvuma, oled alati oodatud. Kohapeal on ka erinevad tumbad, dekoratiivpadjad, toolid.&nbsp; Salongin\u00e4idised on alati ca 30% soodustusega. Leidub ka nn outlet tooteid 50-70% allahindlusega. [&hellip;]<\/p>\n","protected":false},"author":2,"featured_media":0,"parent":0,"menu_order":0,"comment_status":"closed","ping_status":"closed","template":"","meta":{"_monsterinsights_skip_tracking":false,"_monsterinsights_sitenote_active":false,"_monsterinsights_sitenote_note":"","_monsterinsights_sitenote_category":0,"footnotes":""},"class_list":["post-1638","page","type-page","status-publish","hentry"],"_links":{"self":[{"href":"https:\/\/rekson.ee\/new\/wp-json\/wp\/v2\/pages\/1638","targetHints":{"allow":["GET"]}}],"collection":[{"href":"https:\/\/rekson.ee\/new\/wp-json\/wp\/v2\/pages"}],"about":[{"href":"https:\/\/rekson.ee\/new\/wp-json\/wp\/v2\/types\/page"}],"author":[{"embeddable":true,"href":"https:\/\/rekson.ee\/new\/wp-json\/wp\/v2\/users\/2"}],"replies":[{"embeddable":true,"href":"https:\/\/rekson.ee\/new\/wp-json\/wp\/v2\/comments?post=1638"}],"version-history":[{"count":6,"href":"https:\/\/rekson.ee\/new\/wp-json\/wp\/v2\/pages\/1638\/revisions"}],"predecessor-version":[{"id":1645,"href":"https:\/\/rekson.ee\/new\/wp-json\/wp\/v2\/pages\/1638\/revisions\/1645"}],"wp:attachment":[{"href":"https:\/\/rekson.ee\/new\/wp-json\/wp\/v2\/media?parent=1638"}],"curies":[{"name":"wp","href":"https:\/\/api.w.org\/{rel}","templated":true}]}}